3681 is divided by 156.
109
Calculate the remainder when 7102438 is divided by 6.
4
Calculate the remainder when 102967 is divided by 5079.
1387
What is the remainder when 761463 is divided by 846?
63
Calculate the remainder when 492633 is divided by 2302.
5
Calculate the remainder when 18948016 is divided by 58.
54
What is the remainder when 21493 is divided by 48?
37
Calculate the remainder when 29263895 is divided by 18.
17
Calculate the remainder when 1819231 is divided by 31916.
19
What is the remainder when 67645145 is divided by 236?
229
What is the remainder when 348133 is divided by 20465?
228
What is the remainder when 5869 is divided by 5010?
859
Calculate the remainder when 84467 is divided by 42155.
157
What is the remainder when 3349823 is divided by 584?
583
Calculate the remainder when 2485731 is divided by 257.
27
What is the remainder when 8359922 is divided by 155?
152
What is the remainder when 6215980 is divided by 1238?
1220
What is the remainder when 5213857 is divided by 1503?
1453
Calculate the remainder when 8189816 is divided by 1174.
1166
Calculate the remainder when 6757710 is divided by 20856.
366
Calculate the remainder when 29727 is divided by 1110.
867
Calculate the remainder when 88800 is divided by 1007.
184
What is the remainder when 685925154 is divided by 38?
36
What is the remainder when 125978 is divided by 2944?
2330
What is the remainder when 3023227 is divided by 943?
912
Calculate the remainder when 18539296 is divided by 57.
46
What is the remainder when 237214128 is divided by 25?
3
Calculate the remainder when 1566699 is divided by 4346.
2139
What is the remainder when 353177661 is divided by 27?
3
What is the remainder when 235252 is divided by 117481?
290
What is the remainder when 8628183 is divided by 1438028?
15
What is the remainder when 101333 is divided by 48607?
4119
Calculate the remainder when 199217899 is divided by 713.
708
What is the remainder when 55192 is divided by 264?
16
What is the remainder when 2686081 is divided by 81396?
13
Calculate the remainder when 3955099 is divided by 26.
5
What is the remainder when 8905477 is divided by 353?
346
What is the remainder when 571435 is divided by 746?
745
Calculate the remainder when 23404537 is divided by 68.
25
What is the remainder when 1681907 is divided by 4359?
3692
What is the remainder when 12656318 is divided by 4023?
3983
What is the remainder when 18381 is divided by 2640?
2541
What is the remainder when 165999 is divided by 1286?
105
Calculate the remainder when 3660816 is divided by 915120.
336
What is the remainder when 2284989342 is divided by 319?
317
What is the remainder when 1911466 is divided by 1020?
1006
What is the remainder when 3287044 is divided by 69937?
5
What is the remainder when 2094941 is divided by 148?
1
Calculate the remainder when 674458225 is divided by 13.
12
What is the remainder when 18794822 is divided by 22754?
18
What is the remainder when 123009554 is divided by 79?
76
Calculate the remainder when 988901 is divided by 1720.
1621
Calculate the remainder when 45613564 is divided by 286.
282
What is the remainder when 2822957 is divided by 149?
3
Calculate the remainder when 1886522 is divided by 235771.
354
What is the remainder when 15309525 is divided by 145?
135
What is the remainder when 212553033 is divided by 2196?
2193
Calculate the remainder when 337261 is divided by 1547.
15
Calculate the remainder when 260274 is divided by 8402.
8214
What is the remainder when 40025432 is divided by 13341807?
11
Calculate the remainder when 997988 is divided by 144.
68
Calculate the remainder when 372324314 is divided by 13.
11
Calculate the remainder when 695892 is divided by 231951.
39
What is the remainder when 471320 is divided by 24605?
3825
What is the remainder when 2308537 is divided by 7714?
2051
Calculate the remainder when 262447 is divided by 29142.
169
What is the remainder when 307345 is divided by 6388?
721
Calculate the remainder when 2933973 is divided by 4.
1
Calculate the remainder when 4906663 is divided by 210.
13
Calculate the remainder when 4758581 is divided by 475857.
11
Calculate the remainder when 93607 is divided by 3298.
1263
Calculate the remainder when 415080 is divided by 180.
0
What is the remainder when 396385 is divided by 99054?
169
Calculate the remainder when 6868692 is divided by 2908.
2904
What is the remainder when 25182438 is divided by 25182346?
92
Calculate the remainder when 19694547 is divided by 2237.
2236
What is the remainder when 476532 is divided by 12873?
231
What is the remainder when 22081425 is divided by 3680234?
21
What is the remainder when 894901 is divided by 3120?
2581
Calculate the remainder when 3981742 is divided by 796328.
102
What is the remainder when 7225474 is divided by 1713?
40
What is the remainder when 147881 is divided by 156?
149
Calculate the remainder when 26009 is divided by 291.
110
What is the remainder when 2371059 is divided by 15007?
14960
What is the remainder when 14086807 is divided by 1059?
1048
What is the remainder when 3992854 is divided by 413?
383
What is the remainder when 876269 is divided by 1562?
1549
What is the remainder when 37639 is divided by 4155?
244
What is the remainder when 3645361 is divided by 1464?
1
Calculate the remainder when 167141954 is divided by 4607.
4601
What is the remainder when 14449940 is divided by 90?
80
What is the remainder when 20995245 is divided by 2447?
2432
Calculate the remainder when 1768 is divided by 843.
82
Calculate the remainder when 974801 is divided by 2079.
1829
What is the remainder when 89508 is divided by 947?
490
What is the remainder when 352964311 is divided by 1192?
1191
What is the remainder when 451538 is divided by 8519?
31
Calculate the remainder when 411870 is divided by 411867.
3
What is the remainder when 13770897 is divided by 78?
75
Calculate the remainder when 1306880 is divided by 1729.
1485
What is the remainder when 23789598 is divided by 62?
12
What is the remainder when 2127800 is divided by 265973?
16
Calculate the remainder when 47770568 is divided by 59.
38
Calculate the remainder when 232332 is divided by 5002.
2240
What is the remainder when 138329492 is divided by 18?
14
What is the remainder when 417634 is divided by 39?
22
Calculate the remainder when 458905 is divided by 2556.
1381
Calculate the remainder when 799703 is divided by 915.
908
Calculate the remainder when 55559949 is divided by 10937.
10926
What is the remainder when 1553915 is divided by 7767?
515
Calculate the remainder when 847773 is divided by 1940.
1933
What is the remainder when 43823 is divided by 1769?
1367
Calculate the remainder when 11402 is divided by 3642.
476
Calculate the remainder when 104907 is divided by 10489.
17
Calculate the remainder when 174362 is divided by 118.
76
Calculate the remainder when 324170 is divided by 3903.
221
Calculate the remainder when 58727 is divided by 19442.
401
What is the remainder when 14748 is divided by 2814?
678
Calculate the remainder when 820340 is divided by 869.
4
Calculate the remainder when 12581689 is divided by 571893.
43
What is the remainder when 2720877 is divided by 2720858?
19
Calculate the remainder when 5441345 is divided by 569.
567
Calculate the remainder when 284745 is divided by 2033.
125
What is the remainder when 1316978 is divided by 1634?
1608
What is the remainder when 64298 is divided by 9828?
5330
What is the remainder when 5258509 is divided by 2430?
2419
Calculate the remainder when 331455 is divided by 7198.
347
What is the remainder when 1099342 is divided by 30537?
10
What is the remainder when 1332528 is divided by 38065?
253
What is the remainder when 2589293 is divided by 1294637?
19
What is the remainder when 18010440 is divided by 9005211?
18
Calculate the remainder when 7940043 is divided by 1742.
7
What is the remainder when 588403 is divided by 1968?
1939
What is the remainder when 80651 is divided by 2181?
2135
What is the remainder when 41863595 is divided by 2495?
2485
What is the remainder when 92897313 is divided by 302?
301
What is the remainder when 9716266 is divided by 61887?
7
Calculate the remainder when 1949 is divided by 200.
149
What is the remainder when 1502522